22).
3, 5, 769
Suppose -5*u + 4*g - 20 = 0, 2*g + 25 = -3*u + 7*g. Suppose u = 16*h - 21*h - 4*k + 3558, -h = -2*k - 706. What are the prime factors of h?
2, 5, 71
Suppose 0 = 25*f - 3170 + 13720. Let l = f + 1178. What are the prime factors of l?
2, 3, 7
Suppose 5 - 5 = 6*r. Suppose w - 10 + 8 = r. Suppose 3*s - 349 = -c + w*c, -s - 3*c = -133. List the prime factors of s.
2, 59
Suppose 214*m = -85*m + 79*m + 2331340. What are the prime factors of m?
10597
Suppose -2*s - 4*d - 224 = 0, 2*s - 3*d = s - 122. Suppose -112*p = 3*k - 113*p - 693, 5*p - 657 = -3*k. Let w = k + s. List the prime factors of w.
113
Suppose 24*z - 1289381 + 238565 = 0. List the prime factors of z.
2, 13, 421
Suppose -3*w = -v + w + 11, 2*v + 4*w = -26. Let h(q) = 2*q**2 + 10*q + 2. Let x be h(v). List the prime factors of (-3)/x + 7/(14/69).
3, 11
Let n = -13 + 2129. What are the prime factors of n?
2, 23
Let f be 26/(-10) + 2 - (-26)/10. Suppose -186 = -f*v + 448. Let k = -212 + v. List the prime factors of k.
3, 5, 7
Let c = 3413 + -2390. Let r = c + 155. List the prime factors of r.
2, 19, 31
Let o(v) = 252*v + 5132. What are the prime factors of o(71)?
2, 1439
Suppose 13 = 2*i - i. Let j(f) = -2*f**3 - 4*f**2 + f + 3. Let w be j(-3). Suppose -s + i = -w. What are the prime factors of s?
31
Suppose 4*w + 4*w - 5910 = -2*w. What are the prime factors of w?
3, 197
Let t be (3/(-2))/((-3)/(-4)). Let y(k) = -k**2 + 1. Let l be y(t). What are the prime factors of l + 187 + -4*1?
2, 3, 5
Suppose 5*o + 450 = -0*o. Suppose c - 7 = m + 3*c, c + 21 = -4*m. Let v = m - o. List the prime factors of v.
5, 17
List the prime factors of (-1838781)/(-138)*2/3.
3, 7, 47
Suppose r = 4*o - 137, 58 + 44 = 3*o - r. Suppose -8 = 33*a - o*a. Suppose -710 = -a*n - s, -7*n = -3*n - 4*s - 720. What are the prime factors of n?
2, 89
Suppose 5*f - 17 = v, 3*v + 41 = -2*v + 3*f. Let o be 3 - (-2 - (2 - (-2 - v))). Suppose c = o*c - 37. What are the prime factors of c?
37
Let a be ((-14)/2)/(0 + 2/6). Let u = a - -24. Suppose -u*n - 15 = 0, -2*n + 100 = 5*w + n. List the prime factors of w.
23
Suppose 0 = 5*y + 75*s - 76*s - 35390, y - 7067 = -2*s. List the prime factors of y.
3, 7, 337
Suppose -4621 - 2999 = -6*s. Suppose 4*y - s + 170 = 0. Suppose 2*u - 198 = -4*r, 2*u + u = 5*r - y. List the prime factors of r.
2, 13
Let q be (-182)/(-52)*(-1448)/(-14). Let y = 305 + q. What are the prime factors of y?
23, 29
Let p(n) = -n**3 - 9*n**2 + 9*n + 3. Suppose -20 = -0*y + 2*y. Let d be p(y). Suppose g - 5*z = -32 + d, -g = 4*z - 26. List the prime factors of g.
2, 3
Let r(i) = 2*i**2 - 2*i - 1. Let g be r(-9). Suppose g = -t + 2*t. Let o = t + -24. What are the prime factors of o?
5, 31
Let u(g) = -1 - 7*g - 4*g + 8*g. Let m be u(-1). Suppose m*q - 3*o - 43 - 1 = 0, -97 = -5*q + o. What are the prime factors of q?
19
Let k(z) = z**3 + z**2 + z + 123. Let v be k(0). Let b = v - 108. Suppose 0 = 4*y - 0*a + 5*a - 625, 5*a + b = 0. List the prime factors of y.
2, 5
Let t = 1442 + -721. List the prime factors of t.
7, 103
Let k(m) = -m**2 - 3*m + 6. Let f be -3 - (-1*5 + (0 - 2)). Let v be k(f). Let d = 104 + v. What are the prime factors of d?
2, 41
Suppose -111*j = -57*j - 36*j - 883494. List the prime factors of j.
3, 16361
Suppose -4*y + 128*u = 132*u - 580, 0 = 2*y - 2*u - 282. List the prime factors of y.
11, 13
Let a = 520 - 68. Suppose 0*r = -r + s + a, -2*r - 5*s + 925 = 0. List the prime factors of r.
5, 7, 13
Suppose -12*w - 540 = -2*w. Let f be (8 - 0/2)/(w/(-1107)). Suppose 0 = x + 4*m - 62, -4*x - 5*m + 106 = -f. What are the prime factors of x?
2, 5, 7
Let l = 120 + -107. Suppose 0 = 4*w + 3 + l, -4*p + 4*w + 1376 = 0. List the prime factors of p.
2, 5, 17
Let c be (-8)/(-16)*(-3 + 3). Suppose 5*b + h - 879 + 300 = c, 0 = b - h - 111. Suppose 0 = -2*k + b + 383. What are the prime factors of k?
3, 83
Let o = -3 + 7. Suppose -d + o*x + 14 = 0, -5*d + 2*x + 21 = 5. List the prime factors of d*2/(-10) - (-536)/40.
13
Let s = 6096 + -6099. Let u(k) = 3*k**3 + 7*k**2 - 9*k - 5. Let f(b) = -2*b**3 - 3*b**2 + 5*b + 3. Let p(j) = 7*f(j) + 3*u(j). List the prime factors of p(s).
3, 13
Suppose 4*g + 2602 = 5*z - 3*z, g + 3*z + 640 = 0. Let t = g + 964. List the prime factors of t.
3, 5, 7
Let x(d) = 2*d**3 + 20*d**2 + 7*d + 6. Let o(w) = -2*w**3 - 20*w**2 - 9*w - 5. Let l(u) = 4*o(u) + 3*x(u). What are the prime factors of l(-11)?
3, 5
Suppose 317 = -5*x + 5*q + 1237, 5*x + 2*q = 934. Suppose -3*a - 5*h + 1508 = 0, 0 = 2*a - 3*h - 851 - x. Let u = -299 + a. List the prime factors of u.
2, 53
Let i(x) = x**3 - 7*x**2 - 4*x + 3. Let u be i(6). Suppose 5*t + 4*k = 470, 5 = k - 0*k. Let m = t + u. List the prime factors of m.
3, 11
Let l(q) be the third derivative of -13*q**5/60 + 5*q**4/24 - q**3 - 28*q**2. Let g be l(2). List the prime factors of g/(-54)*178 + (-4)/18.
2, 79
Let z(m) = -127*m + 269. Let j be z(2). Suppose -3*r + f + 4528 = -f, -4544 = -3*r - 2*f. Suppose 27*b - r = j*b. What are the prime factors of b?
2, 3, 7
Let k = 2960 + -1410. Let j = 3477 - k. List the prime factors of j.
41, 47
Suppose -14*l - 86*l - 113*l + 2460576 = 0. List the prime factors of l.
2, 19
What are the prime factors of 2 + 56/(-30) - (-1585346)/30?
3, 5, 13, 271
Let u be (6 - 7)*(-2780 - 5). What are the prime factors of u*(7 + (-34)/5)?
557
Let s = -14904 + 29978. What are the prime factors of s?
2, 7537
Let g = 27 + 421. List the prime factors of (g/6)/(-4)*(-17 - -14).
2, 7
Let l = 45 - 41. Suppose 3*f = -3*o + 2961, 2742 + 1185 = l*f - 3*o. What are the prime factors of f?
2, 3, 41
Suppose -100 = -9*k + 4*k. Let v = -2 - k. List the prime factors of (v*14/12)/(7/(-63)).
3, 7, 11
Let a(d) = -5782*d**3 + 3*d**2 + 48*d + 46. List the prime factors of a(-1).
5783
List the prime factors of 765/612 - (-388620)/16.
2, 5, 7, 347
Suppose 828 = 55*s - 58*s. Let d be -2 + -2 + (s/(-2))/(-3). Let x = d - -125. List the prime factors of x.
3, 5
Let k(j) = 134*j**2 + 4*j. Let n be k(2). Let i = 806 - n. List the prime factors of i.
2, 131
Let x(q) = -q**3 - q**2 + 1. Let u be x(0). Suppose 856*t + 2107 = 863*t. Suppose -u = -k, 2*k - t = -y - 3*k. What are the prime factors of y?
2, 37
Let r be (-75)/(-10) + -1 - (-15)/(-10). Suppose 0 = -7*g + r*g + 810. What are the prime factors of g?
3, 5
Suppose -h = -3*l - 6416 - 59608, -28 = -4*l. What are the prime factors of h?
3, 5, 7, 17, 37
Let m(w) = 2*w - 55. Let f(q) = 4*q - 165. Let r(a) = 3*f(a) - 8*m(a). Let y be r(14). List the prime factors of y/2*(-264)/99.
2, 37
What are the prime factors of 4/(-14) - 5857808/(-581)?
2, 71
Let i = 26 - 40. Let o be -3*1 - 98/i. Suppose o*j - 108 = 208. List the prime factors of j.
79
Let m(c) = -20*c + 53. Let t(w) = -7*w + 18. Let p(i) = 6*m(i) - 17*t(i). Let k be p(17). What are the prime factors of (30/4)/(k/(-30))?
3, 5
Suppose -4*u - 5*p = 83, -5*u - 17 = -4*u + 5*p. List the prime factors of 26/(-143) - ((-60824)/u)/(-4).
691
Let x(m) = -m**2 + 32*m - 15. Let c be x(21). Suppose -666 = 3*j - c. Let p = -101 - j. List the prime factors of p.
7
Let z(h) = 27*h - 14. Let n be z(1). Suppose -n*a = -11*a - 3566. List the prime factors of a.
1783
Suppose -5*p = 3*x - 43410, -5*x + 72430 = 65*p - 70*p. What are the prime factors of x?
2, 5, 181
Suppose -122*b + 763706 = -1394914 + 593970. List the prime factors of b.
3, 5, 19
Let v = -324 - -328. Suppose -3*f = -4*f, -2*l = -v*f - 1770. List the prime factors of l.
3, 5, 59
Suppose 2*l - 48 = 5*v, -2*l - 3*l = -3*v - 120. List the prime factors of 730 + -1 + 22/(176/l).
2, 3, 61
Suppose -17531 = -23*q + 49997. What are the prime factors of q?
2, 367
Let y be (10/6)/((-3)/(-63)). Let w = -498 + 503. Suppose 0 = m - 5*x + x - y, 3*m - 20 = -w*x. List the prime factors of m.
3, 5
Suppose -10*y = -13*y + 2*j + 4254, 0 = y - 4*j - 1398. List the prime factors of y.
2, 3, 79
Let v(q) = -943*q + 6090. What are the prime factors of v(-19)?
24007
Let t be 51/15 - (2 + (-16)/10). Suppose t*h = -2*l + 2, l + l = 3*h - 10. Suppose 6*w - 376 = -h*w. What are the prime factors of w?
47
Suppose 49903 = 5*k - 4*x, -39929 = -4*k + 17*x - 16*x. List the prime factors of k.
67, 149
Let p(m) = m**2 - 3*m - 10. Let n be p(0). Let j be ((-55)/n)/(-1) + 1/(-2). Let u(g) = 2*g**2 + 12*g + 20. List the 